6) to base 8
-3371501
What is -10100101101111000110100 (base 2) in base 9?
-11186632
What is 51554243 (base 6) in base 5?
340231114
305839 (base 10) to base 14
7d659
117b873 (base 13) to base 4
110230020122
Convert 3528e (base 16) to base 8.
651216
Convert -32110013 (base 4) to base 7.
-332636
Convert -156ab7 (base 12) to base 14.
-96b6b
-119a2 (base 15) to base 2
-1101101101110001
What is 453525 (base 8) in base 15?
306d9
-74151 (base 9) to base 14
-13bbc
Convert 314140322 (base 5) to base 16.
141d44
Convert 1020113 (base 6) to base 11.
34042
Convert -4420101211 (base 5) to base 8.
-44276134
-408c5 (base 14) to base 3
-21220011202
Convert 111101125 (base 7) to base 10.
6723211
12cd03 (base 16) to base 3
2022121011111
-1a27b2 (base 14) to base 5
-214212000
Convert -1350511 (base 6) to base 8.
-225553
-1a841 (base 12) to base 5
-2223332
Convert 2332334 (base 6) to base 11.
82a82
-8acd3 (base 15) to base 13
-12603c
Convert 125960b (base 14) to base 2.
100001101010000101101011
What is 119d3 (base 16) in base 8?
214723
What is -1022020222111 (base 3) in base 16?
-a96ea
Convert 2cc705 (base 13) to base 10.
1112870
-407442 (base 9) to base 3
-110021111102
Convert 20200020121 (base 3) to base 11.
8a7a3
What is -12130220230 (base 4) in base 16?
-19ca2c
2b04c (base 14) to base 3
12102220002
What is -124011414 (base 5) in base 6?
-21025054
-10044111 (base 5) to base 8
-236404
What is -11541205 (base 8) in base 7?
-30406505
Convert 34a63 (base 16) to base 7.
1555502
What is -110000000111111010 (base 2) in base 16?
-301fa
Convert -271528 (base 9) to base 14.
-442ad
-3010113310 (base 4) to base 5
-201214330
320010122 (base 4) to base 9
380025
What is 110010001000111000010 (base 2) in base 4?
12101013002
16024521 (base 8) to base 7
43166410
Convert 1002031 (base 5) to base 7.
64221
Convert 259d2 (base 15) to base 3.
20010002022
Convert 8917813 (base 10) to base 5.
4240332223
131428 (base 11) to base 5
23104234
-79956 (base 12) to base 5
-20141231
Convert 634631 (base 10) to base 15.
c808b
What is 463aa02 (base 11) in base 12?
2871a43
-211002221201 (base 3) to base 13
-123103
What is -1000001011110000 (base 2) in base 14?
-c304
22420130 (base 5) to base 11
128261
10010010111000101011001 (base 2) to base 12
1741475
-14b5702 (base 14) to base 11
-57911a9
What is -21801767 (base 9) in base 10?
-10571128
93072 (base 14) to base 3
122222200221
What is -100100000010111110 (base 2) in base 5?
-14211041
-51a26a (base 15) to base 9
-7265741
-b81db (base 15) to base 10
-584306
What is 98270 (base 14) in base 16?
59e3a
What is 2121220030 (base 4) in base 7?
5230402
Convert -40404413 (base 5) to base 10.
-325608
Convert -3013321132 (base 4) to base 15.
-112907
-4043024 (base 10) to base 12
-142b868
Convert 41b2b (base 13) to base 16.
1ce41
d58d (base 16) to base 6
1101033
5e670 (base 15) to base 2
1001001101100000110
Convert 397947 (base 10) to base 2.
1100001001001111011
Convert -1352321 (base 6) to base 12.
-386a1
-2002002021 (base 5) to base 2
-1111000001010111100001
Convert 17554 (base 11) to base 10.
24622
What is 2642387 (base 9) in base 8?
5406520
Convert -7abb96 (base 13) to base 5.
-1221121220
What is -60814 (base 12) in base 16?
-1ea90
Convert -21055524 (base 6) to base 7.
-5135626
What is -219719a (base 11) in base 15?
-50e60e
What is -2bedf1 (base 16) in base 12?
-b6a095
3254015 (base 7) to base 3
202022121222
Convert -1267268 (base 12) to base 5.
-1411324103
-52342544 (base 7) to base 13
-bb7147
231358 (base 10) to base 14
60458
Convert -2003133130 (base 4) to base 13.
-15b1bb
What is -a35a6 (base 11) in base 6?
-3123352
-112323020 (base 4) to base 16
-16ec8
440343110 (base 5) to base 11
1079a3a
-3346273 (base 10) to base 16
-330f61
What is 1323551 (base 7) in base 9?
284835
805566 (base 10) to base 12
32a226
Convert 75633 (base 11) to base 13.
3b042
What is -33b879 (base 15) in base 16?
-25acaf
Convert -1785058 (base 10) to base 13.
-4a6662
2112020212010 (base 3) to base 13
380649
Convert 113022221 (base 5) to base 14.
d669c
-27553666 (base 8) to base 4
-113231132312
What is 137ee5 (base 16) in base 6?
43215045
Convert -17001146 (base 9) to base 7.
-132165510
-496ac6 (base 13) to base 15
-24aa05
115142561 (base 7) to base 3
111112222222212
What is 5adb78 (base 14) in base 10?
3111214
-16981c (base 13) to base 12
-232341
What is -631762 (base 8) in base 15?
-422db
-110121010220 (base 3) to base 4
-330202131
What is 103301221132 (base 4) in base 5?
2311342334
-511023013 (base 6) to base 12
-2b0aa69
113232123002 (base 4) to base 12
20bb282
Convert 37892 (base 15) to base 6.
3445245
What is 110101000100100001111001 (base 2) in base 12?
47ab049
Convert 12064161 (base 9) to base 12.
1b7b691
-2011465 (base 7) to base 13
-845c8
Convert -19a530 (base 12) to base 8.
-1565564
79046 (base 10) to base 11
54430
What is -445021 (base 7) in base 12?
-3956a
What is -1111001221120 (base 3) in base 11?
-499656
What is -3234276 (base 8) in base 12?
-35953a
-1194080 (base 10) to base 4
-10203201200
-2020201121101 (base 3) to base 8
-4436411
12002022121221 (base 3) to base 14
505016
What is 180017 (base 9) in base 12?
54681
Convert -14041340 (base 5) to base 16.
-22ff1
Convert 6050605 (base 7) to base 16.
af576
1115142 (base 7) to base 2
100001110110011011
What is -58744 (base 12) in base 13?
-41c74
2a0fb (base 16) to base 14
46add
Convert -50541451 (base 6) to base 4.
-11200210213
Convert 16042664 (base 9) to base 4.
132201011311
-5455773 (base 8) to base 7
-15312061
b74 (base 13) to base 5
30304
What is -46da (base 14) in base 12?
-7188
Convert -440638 (base 15) to base 16.
-3175bb
92251 (base 10) to base 13
32cb3
Convert -105662 (base 11) to base 12.
-81618
What is -122121414 (base 5) in base 9?
-1077322
Convert 3a35a (base 13) to base 6.
2153031
-3033022 (base 4) to base 3
-200012001
What is 1110011101000101100 (base 2) in base 8?
1635054
54747 (base 10) to base 11
38150
What is 141764 (base 13) in base 10?
488999
Convert 2516341 (base 7) to base 11.
201447
Convert -1100011110000111010 (base 2) to base 8.
-1436072
-24262447 (base 8) to base 2
-10100010110010100100111
What is 111266 (base 10) in base 13?
3b84c
Convert -a6898 (base 12) to base 15.
-44d4b
What is 11033424 (base 8) in base 16?
243714
Convert 12762116 (base 9) to base 3.
102212002010120
What is -2439319 (base 10) in base 2?
-1001010011100010010111
Convert -681960 (base 11) to base 4.
-10021013200
What is 2099596 (base 13) in base 15?
d1298d
What is 259c4 (base 16) in base 14?
401da
161003a (base 11) to base 13
754b39
Convert 1230774 (base 9) to base 3.
1021000212111
298679 (base 10) to base 8
1107267
Convert -6044304 (base 7) to base 11.
-44a788
What is 1001111111100011 (base 2) in base 9?
62128
What is 174cbc4 (base 14) in base 6?
1050043024
Convert -4c7b2 (base 14) to base 8.
-557330
What is 1110c14 (base 13) in base 16?
4fc8a4
What is 1137373 (base 9) in base 2?
10010110010010100001
Convert -11110011110001010 (base 2) to base 10.
-124810
Convert -2305537 (base 10) to base 14.
-4402d3
Convert -10221222011 (base 3) to base 8.
-230234
What is 10100100000110110110 (base 2) in base 16?
a41b6
-8d1a (base 15) to base 3
-1112002021
1079545 (base 10) to base 4
10013203321
What is 11101010001110000101 (base 2) in base 16?
ea385
What is -123a62 (base 11) in base 5?
-22224404
1827306 (base 10) to base 12
741576
Convert bb4dd (base 15) to base 2.
10010001010010100100
-1736022 (base 9) to base 11
-601a13
123100132 (base 5) to base 14
11776d
What is -6c10b4 (base 16) in base 4?
-123001002310
-818a (base 12) to base 15
-4284
-86644 (base 9) to base 13
-20176
Convert ae8ee (base 15) to base 13.
165b18
What is -2145724 (base 8) in base 2?
-10001100101111010100
What is 88186 (base 12) in base 16?
2bef6
What is -4387a6 (base 11) in base 16?
-aad5a
113616 (base 8) to base 6
455342
Convert -14661003 (base 7) to base 3.
-2122121210100
What is -33ae1 (base 16) in base 5?
-23233211
What is -1320002330 (base 4) in base 6?
-14312232
What is 14330 (base 8) in base 16?
18d8
What is 256be (base 15) in base 11?
81997
Convert -190705 (base 10) to base 8.
-564361
Convert 1000010001011101 (base 2) to base 12.
17739
1322333243 (base 5) to base 3
20020212221110
Convert 79b30 (base 14) to base 10.
295806
-2a9508 (base 11) to base 7
-4042431